se x + 2*x = -2*d, 2*d = 6. What is the units digit of (x/5)/((-3)/90)?
2
Suppose 3*q + 2*q - 15 = 0. Suppose 95 = 4*o - 5*t - 0*t, -q*t + 11 = o. Suppose -5*p = -p - o. What is the units digit of p?
5
Suppose -123 = -5*a + 4*z, -3*a - 38 = 2*z - 103. Suppose 5*q + 182 = -a. Let u = -23 - q. What is the tens digit of u?
1
Let i(b) = 8*b**2 + 12*b + 5. What is the tens digit of i(7)?
8
Let y = -21 + 37. Suppose 4*g - 5*f - 33 = 0, 5*g - 24 = 5*f + y. What is the units digit of g?
7
Suppose 12*a - 3*c = 10*a + 470, -2*a = 4*c - 498. What is the hundreds digit of a?
2
Suppose k - 4 = 2*k. Let z(s) = -20*s + 2. What is the tens digit of z(k)?
8
What is the tens digit of (-773*(-2)/(-2))/(19/(-38))?
4
Let f be 1*(3 + (43 - -1)). Let h(d) = 5*d - f + 52 + d. What is the units digit of h(5)?
5
Let q = 113 - 70. What is the tens digit of q?
4
What is the tens digit of 77 - (-7)/(42/30)*1?
8
Let m = 757 - 728. What is the units digit of m?
9
Suppose 0 = 3*w - b - 2714, -3*w + 7*b + 2718 = 4*b. What is the units digit of w?
4
Let i be ((-3)/(-9))/(4/48). Suppose b + 2*j - 6*j - 2 = 0, 0 = -2*b + i*j + 24. Suppose b = 2*v - 4. What is the units digit of v?
3
Suppose 3*l - f - 26 = 0, 5*l - f = 1 + 39. Suppose 2*j - 77 = l*j - 2*o, 5*j + 69 = 4*o. Let y = -13 - j. What is the units digit of y?
4
Let q(g) = -g**2 + 17*g + 6. Let f = 38 - 26. What is the tens digit of q(f)?
6
Suppose 85839 - 23055 = 48*q. What is the tens digit of q?
0
Suppose 3*l + 113 = -49. Suppose 2*d + 252 = 5*d. Let p = l + d. What is the units digit of p?
0
Let i(g) = 0 - 3*g + 4*g**2 - 3*g**2 + g**3 + 1. Suppose t = -52 + 55. What is the tens digit of i(t)?
2
Suppose 7*c - 1723 = 2155. What is the hundreds digit of c?
5
Suppose 0 = 2*k - 0*x - 3*x + 9, -5*k - x = -20. Let p = 7 + k. Suppose 2*z = 2 + p. What is the units digit of z?
6
Suppose 0*o - 2*o = -y - 9, 28 = 3*y + 5*o. What is the units digit of (5 - y) + (2 - 5)*1?
1
Suppose -m - 4*s = -3*s + 40, -2*m - s = 80. Let x = m - -67. What is the tens digit of x?
2
Let o be (30/8)/((11/(-4))/(-11)). What is the units digit of (35/o)/(2/6)?
7
Let o(b) = 386*b - 1390. What is the tens digit of o(5)?
4
Suppose -204 - 191 = -5*d + 5*k, 4*d - 5*k = 315. Suppose 2*l - 7*l - d = -w, -w + 84 = -l. What is the units digit of w?
5
Suppose -2*c = 3*o - 50, -5*c = -4*o - 3*c + 90. Suppose -4*y = -2*b + 12, -4*y + 5*b = y + o. What is the units digit of 4 - ((y - -4) + -27)?
9
Let o(n) = -7*n**2 + 4*n + 1. Let h(l) = -l**2 - l - 1. Let i(g) = 6*h(g) - o(g). What is the units digit of i(16)?
9
Let d be ((-16)/20)/((-3)/(-15)). Let f = d - -2. Let i(j) = 11*j**2 + 4*j + 3. What is the tens digit of i(f)?
3
Let v be (16/(-6) - 4)/((-5)/(-15)). Suppose -2*s = -4*b - 26 - 198, 2*s + b = 209. What is the units digit of s*(v/(-8) + -2)?
3
Let r(c) = -c**2 - 9*c - 9. Let w be r(-8). Let a = w - -3. Suppose -l - 19 = -2*b, a*b - 5*b + 30 = -l. What is the tens digit of b?
1
Suppose 2*s + 4*u - 60 = 0, -4*u - 52 = -5*s + 42. What is the units digit of 60/5*s/3?
8
What is the hundreds digit of (381/(-2))/(6/(-12))?
3
Let n be 4605/9 - (-2)/(-3). Suppose -2*s - 105 = -d, 7*s = 5*d + 4*s - n. Suppose -4*p - 3*f = -d, 3*p + 3*f = 95 - 17. What is the units digit of p?
3
Let d = 6 - -3. Suppose -8*o + d*o = 4. Suppose 5*z = -5*m + 126 - 11, 0 = o*z + 3*m - 89. What is the tens digit of z?
2
What is the hundreds digit of 28/7*732/16?
1
Let f(p) = -2*p - 3. Let z be f(-5). Suppose 5*m - 4*i + z = 20, 0 = 5*m + 4*i + 3. What is the units digit of m + (-66 - -2)/(-2)?
3
Suppose -3712 = -2*x + h, 44*h - 48*h = x - 1856. What is the units digit of x?
6
Let l(d) = -d**3 + 9*d**2 + 6*d + 16. Let z(x) = x**2 - 3*x - 1. Let g be z(-2). What is the tens digit of l(g)?
7
Let g = -3 + 8. Suppose 3*u = 4*q - 23, 5*u + 22 + 18 = g*q. What is the tens digit of 138/u*(-3)/2?
2
Let z(c) = 2*c**2 - 4*c + 3. Let m be z(2). Suppose -q - l = -36, -m*q + 84 = -8*l + 3*l. What is the tens digit of q?
3
Let m = -5 + 9. Suppose -3*q + 219 = -l - m*l, -l + 365 = 5*q. Let v = -40 + q. What is the units digit of v?
3
Suppose -5*y + 1566 = -0*l - l, 5*l - 648 = -2*y. What is the tens digit of y?
1
Let o(t) be the second derivative of 2*t**3/3 - 4*t**2 - 2*t. Let k be o(9). Suppose 0*j - 2*j + 21 = 3*r, -5*r - j = -k. What is the units digit of r?
5
Suppose 5 = 2*l - 1. Suppose 0 = -4*q - l*w + 107, 2*q + 0*q + w = 51. What is the tens digit of q?
2
Let g(k) = -5*k + 22. Let x(l) = -6*l + 22. Let p(a) = 7*g(a) - 6*x(a). What is the units digit of p(-9)?
3
Let o = 986 - 602. What is the units digit of o?
4
Let g(x) = x**3 + x**2 - 6*x + 6. Let u be g(4). Suppose 5*m - 11*m + 12 = 0. Suppose m*y = u + 46. What is the tens digit of y?
5
What is the hundreds digit of 2800 - -1*15*(-7)/21?
7
Suppose -a = 4*v - 11 - 5, 2*v - 8 = -3*a. Suppose -4*m - 140 = v*w, -3*m = m + 12. Let d = w - -66. What is the tens digit of d?
3
Let j = -19 - -31. Suppose -5*y - 5*g = 5, 3*y = -0*y + 3*g + 9. Let x = j - y. What is the tens digit of x?
1
Let g = 1042 + -278. What is the hundreds digit of g?
7
Suppose 101 = 4*d - 543. Let i = 231 - d. What is the units digit of i?
0
Suppose -5*n + 22 + 208 = y, 455 = 2*y + 5*n. What is the units digit of y?
5
Suppose 0 = -q - v + 3, q - 2*v - 6 = 12. Suppose 1098 = -q*w + 14*w. What is the hundreds digit of w?
1
Let k = -2869 - -5707. What is the units digit of k?
8
Let s(m) = 3*m**2 - 4*m - 5. Let p(o) = -2*o - 19. Let g be p(-8). What is the tens digit of s(g)?
3
Let c(s) = -s**3 + 6*s**2 + 3. Let l be c(6). Suppose -l*x + 2 = -4. What is the units digit of (-4)/(-6)*9/x?
3
Let c be -1*(-6 + 7) - -1*1. What is the tens digit of (24/(-12))/(c - 2/183)?
8
Suppose 14 = 8*o - 10. Suppose 0 = 5*q + 4*f - 527 + 13, -o*q = -4*f - 302. What is the hundreds digit of q?
1
Suppose 32 = 3*h + 2*v + 3*v, 0 = 2*h - 2*v. Suppose x + q + 26 = 76, h*q = -4. What is the units digit of x?
1
Let a(l) = l + 32. Let o be a(-14). Let j = 17 - o. Let m(x) = 25*x**2 - x - 1. What is the tens digit of m(j)?
2
What is the hundreds digit of (-2)/(-4) - 17031/(-6)?
8
Let x(o) = -26*o**3 - 2*o + 2. What is the units digit of x(-3)?
0
Suppose 2*x - 3 = 11. Let l(s) = 7*s - s**2 - 3*s - 10 + 6*s + 0*s**2. What is the tens digit of l(x)?
1
Let l(p) = 5*p - 15. Let s be l(6). Suppose -j + r + 15 = 0, j - r - s = r. Suppose 5*z + 15 = 0, 9*z - j = -m + 4*z. What is the tens digit of m?
3
Let y(f) = 7*f + 20 - 28 - 25 - 2*f. What is the tens digit of y(16)?
4
Suppose -5*t = 5*n - 1010, 0 = 3*t + 2*n - 348 - 254. What is the tens digit of t?
9
Let k = -46 - -34. Let g(a) = -a**3 - 13*a**2 - 12*a + 10. What is the units digit of g(k)?
0
Suppose 0 = 4*p - p. Suppose 2*m - 53 - 25 = p. Suppose -5*n - l = m - 223, -3*n - 2*l = -116. What is the units digit of n?
6
Let z(o) = -o**2 - 8*o - 3. Suppose 5*c + 0*c - 4*h = -56, 4*c = -h - 28. Let n be z(c). Let i(y) = 3*y**2 - y - 1. What is the tens digit of i(n)?
2
Let c(y) be the third derivative of -1/60*y**5 + 0*y + 0 + 5*y**2 + 11/24*y**4 - 4/3*y**3. What is the units digit of c(7)?
0
Let z(p) = -p - 10. Let s be z(-11). What is the units digit of (-502)/(-6) - s/((-12)/(-8))?
3
Let h be (-1 - -2 - 123)/(-2). Suppose 3*t - 3*b = 0, -2*b = -5*t + 2*b + 3. Suppose -2*x = -t*w - h, -5*x + w + 143 = 10. What is the tens digit of x?
2
Let g(b) be the third derivative of b**6/120 + b**5/20 + b**4/12 - 2*b**3/3 + 4*b**2. Let r be g(-3). Let s = 13 - r. What is the tens digit of s?
2
Suppose 8008 = 6*n - 2528. What is the tens digit of n?
5
Let z(q) = q**3 - 8*q**2 + 7*q + 2. Let f be z(7). Let i = 18 - f. Suppose -4 + i = 3*p - 3*t, p = 3*t - 2. What is the units digit of p?
7
Let j(q) = 5*q**3 - 9*q**2 - 9*q + 19. What is the units digit of j(7)?
0
Suppose -88 = -3*m - 5*x, 2*m + 0*m = -3*x + 59. Suppose 5*t + p + 49 = 0, 2*p + 61 = -5*t + 8. Let b = t + m. What is the units digit of b?
2
Let u(s) = -s**3 + 12*s**2 - 111*s + 104*s - 16 - 8. What is the units digit of u(10)?
6
Let g(m) = -m**3 + 4*m**2 + 9*m + 18. Let v be g(6). What is the units digit of (163 - v)*(7 + -6)?
3
Suppose 0*h = 3*h. Let a be ((-18)/(-72))/(2/24). Suppose a*d + h*d = 18. What is the units digit of d?
6
Let p(g) = -18*g - 22. Let o be p(-20). What is the tens digit of (o/(-6) - 0)